{"id":3121,"date":"2026-04-16T10:05:57","date_gmt":"2026-04-16T10:05:57","guid":{"rendered":"https:\/\/lechariotelevateur.fr\/site\/?post_type=product&#038;p=3121"},"modified":"2026-04-16T11:39:16","modified_gmt":"2026-04-16T11:39:16","slug":"mini-pelle-3-2t-kubota-neuve-3-godets-attache-rapide","status":"publish","type":"product","link":"https:\/\/lechariotelevateur.fr\/site\/nos-machines\/uncategorized\/mini-pelle-3-2t-kubota-neuve-3-godets-attache-rapide\/","title":{"rendered":"Mini pelle 3.2T Kubota neuve \u2013 3 godets + attache rapide"},"content":{"rendered":"<h1 data-section-id=\"1xoxsy1\" data-start=\"788\" data-end=\"855\">Mini pelle 3.2 tonnes 3 godets + attache rapide + garantie 24 mois<\/h1>\n<p data-start=\"857\" data-end=\"1109\">La mini pelle 3.2T Kubota est une solution id\u00e9ale pour les professionnels recherchant une machine fiable, performante et polyvalente. Con\u00e7ue pour les travaux de terrassement, VRD et am\u00e9nagement, elle offre puissance, pr\u00e9cision et confort d\u2019utilisation.<\/p>\n<h2 data-section-id=\"pg1otb\" data-start=\"1116\" data-end=\"1150\">Caract\u00e9ristiques principales<\/h2>\n<ul data-start=\"1152\" data-end=\"1567\">\n<li data-section-id=\"x2rba8\" data-start=\"1152\" data-end=\"1210\">Commandes hydrauliques pr\u00e9cises via joysticks lat\u00e9raux<\/li>\n<li data-section-id=\"ssb6g2\" data-start=\"1211\" data-end=\"1267\">Double ligne hydraulique auxiliaire pour accessoires<\/li>\n<li data-section-id=\"11a7cmc\" data-start=\"1268\" data-end=\"1322\">Ch\u00e2ssis renforc\u00e9 assurant une excellente stabilit\u00e9<\/li>\n<li data-section-id=\"soq1o9\" data-start=\"1323\" data-end=\"1392\">Pied de fl\u00e8che d\u00e9portable pour travail au plus pr\u00e8s des obstacles<\/li>\n<li data-section-id=\"llajfl\" data-start=\"1393\" data-end=\"1430\">Profondeur de creusage : 2 827 mm<\/li>\n<li data-section-id=\"gksmd3\" data-start=\"1431\" data-end=\"1469\">Hauteur de d\u00e9chargement : 3 181 mm<\/li>\n<li data-section-id=\"8qkylt\" data-start=\"1470\" data-end=\"1513\">Pompe hydraulique haut d\u00e9bit : 99 L\/min<\/li>\n<li data-section-id=\"qoipob\" data-start=\"1514\" data-end=\"1567\">Force de creusement adapt\u00e9e aux travaux intensifs<\/li>\n<\/ul>\n<p>&nbsp;<\/p>\n<h2 data-section-id=\"om2m4h\" data-start=\"1574\" data-end=\"1598\">\u00a0\u00c9quipements inclus<\/h2>\n<ul data-start=\"1600\" data-end=\"1740\">\n<li data-section-id=\"62qam2\" data-start=\"1600\" data-end=\"1630\">Attache rapide hydraulique<\/li>\n<li data-section-id=\"ig183\" data-start=\"1631\" data-end=\"1652\">Pouce hydraulique<\/li>\n<li data-section-id=\"gt7db3\" data-start=\"1653\" data-end=\"1683\">Godet 20 cm (terrassement)<\/li>\n<li data-section-id=\"pk0zq1\" data-start=\"1684\" data-end=\"1714\">Godet 40 cm (terrassement)<\/li>\n<li data-section-id=\"j3ly24\" data-start=\"1715\" data-end=\"1740\">Godet 100 cm (curage)<\/li>\n<\/ul>\n<p>&nbsp;<\/p>\n<h2 data-section-id=\"ej8dck\" data-start=\"1747\" data-end=\"1772\">\u00a0Confort et s\u00e9curit\u00e9<\/h2>\n<ul data-start=\"1774\" data-end=\"2001\">\n<li data-section-id=\"b7tvk4\" data-start=\"1774\" data-end=\"1824\">Poste de conduite spacieux avec si\u00e8ge r\u00e9glable<\/li>\n<li data-section-id=\"1gwdxbb\" data-start=\"1825\" data-end=\"1865\">Cabine avec chauffage et ventilation<\/li>\n<li data-section-id=\"zo9iyl\" data-start=\"1866\" data-end=\"1919\">\u00c9clairage LED pour travail en conditions r\u00e9duites<\/li>\n<li data-section-id=\"18gmjeg\" data-start=\"1920\" data-end=\"1958\">Commandes progressives et pr\u00e9cises<\/li>\n<li data-section-id=\"19wnazc\" data-start=\"1959\" data-end=\"2001\">Protection des composants hydrauliques<\/li>\n<\/ul>\n<p>&nbsp;<\/p>\n<h2 data-section-id=\"3h9t1v\" data-start=\"2008\" data-end=\"2064\">\u00a0Motorisation Kubota V1505 : puissance et fiabilit\u00e9<\/h2>\n<p data-start=\"2066\" data-end=\"2159\">La minipelle 3.2T Kubota est \u00e9quip\u00e9e d\u2019un moteur reconnu pour sa robustesse et sa long\u00e9vit\u00e9.<\/p>\n<ul data-start=\"2161\" data-end=\"2350\">\n<li data-section-id=\"1i78ypt\" data-start=\"2161\" data-end=\"2201\">Moteur diesel 4 cylindres performant<\/li>\n<li data-section-id=\"1ujtpvw\" data-start=\"2202\" data-end=\"2241\">Couple \u00e9lev\u00e9 pour travaux exigeants<\/li>\n<li data-section-id=\"lzrreh\" data-start=\"2242\" data-end=\"2268\">Consommation ma\u00eetris\u00e9e<\/li>\n<li data-section-id=\"1o7yyoo\" data-start=\"2269\" data-end=\"2318\">Fonctionnement fluide avec faibles vibrations<\/li>\n<li data-section-id=\"1knmwdc\" data-start=\"2319\" data-end=\"2350\">Entretien simple et durable<\/li>\n<\/ul>\n<p>&nbsp;<\/p>\n<h2 data-section-id=\"1fivn99\" data-start=\"2357\" data-end=\"2387\">\u00a0Pourquoi choisir Taurand<\/h2>\n<ul data-start=\"2389\" data-end=\"2759\">\n<li data-section-id=\"1pgo90x\" data-start=\"2389\" data-end=\"2455\">Entreprise bas\u00e9e dans le Val d\u2019Oise (95) depuis plus de 30 ans<\/li>\n<li data-section-id=\"kxuen7\" data-start=\"2456\" data-end=\"2496\">Revendeur officiel RIPPA (1T \u00e0 3.5T)<\/li>\n<li data-section-id=\"v52zpf\" data-start=\"2497\" data-end=\"2537\">Livraison rapide sur toute la France<\/li>\n<li data-section-id=\"gf1rvk\" data-start=\"2538\" data-end=\"2580\">Service apr\u00e8s-vente r\u00e9alis\u00e9 en atelier<\/li>\n<li data-section-id=\"u91h2y\" data-start=\"2581\" data-end=\"2619\">R\u00e9seau national de partenaires SAV<\/li>\n<li data-section-id=\"1yervma\" data-start=\"2620\" data-end=\"2668\">Large disponibilit\u00e9 de pi\u00e8ces et accessoires<\/li>\n<li data-section-id=\"16j4l0\" data-start=\"2669\" data-end=\"2714\">\u00c9quipe technique en \u00cele-de-France et Oise<\/li>\n<\/ul>\n<p>&nbsp;<\/p>\n<p><strong>Garantie constructeur 24 mois ou 1000 heures premier terme atteint.<\/strong><\/p>\n<h2 data-section-id=\"12c9se5\" data-start=\"2916\" data-end=\"2965\">\u00a0Une mini pelle adapt\u00e9e \u00e0 tous vos chantiers<\/h2>\n<p data-start=\"2967\" data-end=\"3147\">Cette pelleteuse compacte 3.2 tonnes convient parfaitement aux professionnels du BTP, paysagistes, artisans et particuliers exigeants recherchant une machine fiable et performante.<\/p>\n<p data-start=\"3169\" data-end=\"3262\">Contactez-nous d\u00e8s maintenant pour plus d\u2019informations ou pour obtenir un devis personnalis\u00e9.<\/p>\n<p>Toutes nos machines sont\u00a0<strong>r\u00e9vis\u00e9es<\/strong>\u00a0et\u00a0<strong>garanties, et certifi\u00e9es par un organisme ind\u00e9pendant.<br \/>\n<\/strong><\/p>\n<ul class=\"spip\">\n<li>Quatre niveaux de finition sont disponibles\u00a0:<br \/>\n\u2605\u2605\u00a0: Machine r\u00e9vis\u00e9e<br \/>\n\u2605\u2605\u2605\u00a0: Machine r\u00e9vis\u00e9e et en bon \u00e9tat (voile ou peinture partiel)<br \/>\n\u2605\u2605\u2605\u2605\u00a0: Machine reconditionn\u00e9e<br \/>\n\u2605\u2605\u2605\u2605\u2605\u00a0: Machine neuve<\/li>\n<\/ul>\n<p>&nbsp;<\/p>\n","protected":false},"excerpt":{"rendered":"<p><strong>ETAT<\/strong> : Neuf<\/p>\n<p><strong>MARQUE<\/strong> : RIPPA (Revendeur officiel France)<\/p>\n<p><strong>MODELE<\/strong> : R32<\/p>\n<p><strong>POIDS<\/strong> : 3200 kg (3.2 tonnes)<\/p>\n<p><strong>\u00c9NERGIE<\/strong> : Diesel<\/p>\n<p><strong>MOTORISATION<\/strong> : Kubota V1505 \u2013 4 cylindres<\/p>\n<p><strong>ANN\u00c9E<\/strong> : 2026 (Neuf)<\/p>\n<p>&nbsp;<\/p>\n<p>Mini-pelle neuve \u00e9quip\u00e9e d\u2019un moteur Kubota V1505, reconnue pour sa fiabilit\u00e9, sa puissance et sa pr\u00e9cision. Id\u00e9ale pour les travaux de terrassement, r\u00e9seaux, VRD, ma\u00e7onnerie ou am\u00e9nagement ext\u00e9rieur.<\/p>\n","protected":false},"featured_media":3122,"comment_status":"open","ping_status":"closed","template":"","meta":[],"product_cat":[100],"product_tag":[],"_links":{"self":[{"href":"https:\/\/lechariotelevateur.fr\/site\/wp-json\/wp\/v2\/product\/3121"}],"collection":[{"href":"https:\/\/lechariotelevateur.fr\/site\/wp-json\/wp\/v2\/product"}],"about":[{"href":"https:\/\/lechariotelevateur.fr\/site\/wp-json\/wp\/v2\/types\/product"}],"replies":[{"embeddable":true,"href":"https:\/\/lechariotelevateur.fr\/site\/wp-json\/wp\/v2\/comments?post=3121"}],"wp:featuredmedia":[{"embeddable":true,"href":"https:\/\/lechariotelevateur.fr\/site\/wp-json\/wp\/v2\/media\/3122"}],"wp:attachment":[{"href":"https:\/\/lechariotelevateur.fr\/site\/wp-json\/wp\/v2\/media?parent=3121"}],"wp:term":[{"taxonomy":"product_cat","embeddable":true,"href":"https:\/\/lechariotelevateur.fr\/site\/wp-json\/wp\/v2\/product_cat?post=3121"},{"taxonomy":"product_tag","embeddable":true,"href":"https:\/\/lechariotelevateur.fr\/site\/wp-json\/wp\/v2\/product_tag?post=3121"}],"curies":[{"name":"wp","href":"https:\/\/api.w.org\/{rel}","templated":true}]}}