{"id":3029,"date":"2026-03-09T17:33:56","date_gmt":"2026-03-09T17:33:56","guid":{"rendered":"https:\/\/lechariotelevateur.fr\/site\/?post_type=product&#038;p=3029"},"modified":"2026-04-09T14:52:59","modified_gmt":"2026-04-09T14:52:59","slug":"mini-pelle-r10-6-rippa-koop-neuve-3-godets","status":"publish","type":"product","link":"https:\/\/lechariotelevateur.fr\/site\/nos-machines\/autres\/mini-pelle-r10-6-rippa-koop-neuve-3-godets\/","title":{"rendered":"Mini Pelle R10-6 RIPPA KOOP NEUVE + 3 GODETS"},"content":{"rendered":"<p>Toutes nos machines sont <strong>r\u00e9vis\u00e9es<\/strong> et <strong><span style=\"color: #800000\">garanties, et certifi\u00e9es par un organisme ind\u00e9pendant.<br \/>\n<\/span><\/strong><\/p>\n<ul class=\"spip\">\n<li>Quatre niveaux de finition sont disponibles\u00a0:<br \/>\n\u2605\u2605\u00a0: Machine r\u00e9vis\u00e9e<br \/>\n\u2605\u2605\u2605\u00a0: Machine r\u00e9vis\u00e9e et en bon \u00e9tat (voile ou peinture partiel)<br \/>\n\u2605\u2605\u2605\u2605\u00a0: Machine reconditionn\u00e9e<br \/>\n\u2605\u2605\u2605\u2605\u2605\u00a0: Machine neuve<\/li>\n<\/ul>\n<p>Nous proposons des contrats avec <strong>intervention sur toute la France<\/strong> par le biais de nos partenaires locaux au sein de notre r\u00e9seau, qui se chargent de l&rsquo;entretien et de la maintenance de notre parc chariots \u00e9l\u00e9vateurs et de mat\u00e9riels de manutention.<\/p>\n<p>Avec un <strong>stock de plus de 300 chariots \u00e9l\u00e9vateurs d&rsquo;occasion<\/strong>, nous pouvons vous apporter une solution \u00e0 tous vos besoins en manutention, quelques soient l&rsquo;\u00e9nergie et le type de mat\u00e9riels souhait\u00e9s.<\/p>\n<p>Afin de pouvoir r\u00e9pondre \u00e0 100 % des demandes de nos clients, nous travaillons aussi avec des partenaires nationaux ce qui nous permet d&rsquo;apporter une r\u00e9ponse \u00e0 chaque demande, et ce, partout en France.<\/p>\n<p>&nbsp;<\/p>\n<p data-path-to-node=\"6,0\">Le petit plus maintenance : Une bo\u00eete \u00e0 outils d\u00e9di\u00e9e est fournie pour faciliter vos interventions techniques :<\/p>\n<ul data-path-to-node=\"6,1\">\n<li>\n<p data-path-to-node=\"6,1,0,0\">R\u00e9glage des chenilles pour une motricit\u00e9 optimale.<\/p>\n<\/li>\n<li>\n<p data-path-to-node=\"6,1,1,0\">R\u00e9visions de routine pour simplifier votre carnet d&rsquo;entretien.<\/p>\n<\/li>\n<li>\n<p data-path-to-node=\"6,1,2,0\">Graissages pour prot\u00e9ger durablement les axes et composants.<\/p>\n<\/li>\n<\/ul>\n","protected":false},"excerpt":{"rendered":"<p><strong>MINIPELLE 1T :<\/strong><\/p>\n<p>&nbsp;<\/p>\n<p><strong>Marque :<\/strong> RIPPA<br \/>\n<strong>Mod\u00e8le :<\/strong> R10-6<\/p>\n<p>&nbsp;<\/p>\n<p><strong>Moteur :<\/strong> KOOP 192F (Refroidissement par air)<br \/>\n<strong>Puissance :<\/strong> 11 CV<br \/>\n<strong>Norme :<\/strong> Euro 5<br \/>\n<strong>Energie :<\/strong> DIESEL<br \/>\n<strong>Poids op\u00e9rationnel :<\/strong> 978 KG<br \/>\n<strong>Profondeur de fouille :<\/strong> 183 cm max<\/p>\n<p>&nbsp;<\/p>\n<p><strong>Equipement :<\/strong><br \/>\n\u00c9quip\u00e9 d&rsquo;une lame avant (racleur)<br \/>\nCommande par joystick.<br \/>\nRadiateur d&rsquo;huile hydraulique<br \/>\nSi\u00e8ge confortable avec accoudoirs<br \/>\nPompe hydraulique a engrenages Parker<br \/>\nVerrouillage hydraulique<br \/>\nPhares LED<\/p>\n<p>&nbsp;<\/p>\n<p>Pieds de fl\u00e8che d\u00e9portable<br \/>\nVoie variable 90 \u2013 120 cm.<br \/>\nDouble ligne hydraulique auxiliaire (2 arriv\u00e9es hydraulique dont 1 s\u00e9parateur suppl\u00e9mentaire).<\/p>\n<p>&nbsp;<\/p>\n<p><strong>Dimensions :<\/strong><br \/>\nLongueur : 2 430 mm<br \/>\nLargeur : 912 mm<br \/>\nHauteur : 2 201 mm<\/p>\n<p>&nbsp;<\/p>\n<p><strong>ACCESSOIRES :<\/strong><br \/>\nGODET 20 \/ 40 \/ 80 CM : OFFERT<br \/>\nATTACHE RAPIDE : OFFERT<br \/>\nPOUCE HYDRAULIQUE : OFFERT<br \/>\nAUTRES ACCESSOIRES : SUR DEMANDE<\/p>\n<p>&nbsp;<\/p>\n<p>NOTRE PRESTATION A L\u2019ACHAT INCLUS :<br \/>\nGARANTIE DE 12 MOIS OU 500 HEURES AU PREMIER TERME ATTEINT (MAIN D\u2019\u0152UVRE ATELIER)<br \/>\nGARANTIE DE 24 MOIS OU 800 HEURES AU PREMIER TERME ATTEINT (PIECES)<\/p>\n<p>&nbsp;<\/p>\n<p>Livraison possible dans toute la France.<\/p>\n<p>&nbsp;<\/p>\n<p data-start=\"173\" data-end=\"609\">La mini pelle \/ minipelle 1T <span class=\"hover:entity-accent entity-underline inline cursor-pointer align-baseline\"><span class=\"whitespace-normal\">RIPPA<\/span><\/span> R10-6 est une mini excavatrice compacte id\u00e9ale pour le terrassement, les travaux de jardin, les fondations et les petits chantiers. Gr\u00e2ce \u00e0 son moteur diesel Euro 5, sa largeur variable et son syst\u00e8me hydraulique performant, cette pelle compacte professionnelle garantit puissance, pr\u00e9cision et facilit\u00e9 d\u2019utilisation, aussi bien pour les artisans que les particuliers.<\/p>\n<p data-start=\"611\" data-end=\"885\">Polyvalente et robuste, cette excavatrice compacte offre un excellent rapport qualit\u00e9\/prix et repr\u00e9sente une alternative fiable aux marques reconnues comme <span class=\"hover:entity-accent entity-underline inline cursor-pointer align-baseline\"><span class=\"whitespace-normal\">Kubota<\/span><\/span>, <span class=\"hover:entity-accent entity-underline inline cursor-pointer align-baseline\"><span class=\"whitespace-normal\">Bobcat,<\/span><\/span>\u00a0<span class=\"hover:entity-accent entity-underline inline cursor-pointer align-baseline\"><span class=\"whitespace-normal\">Yanmar, takeuchi, jcb<\/span><\/span>.<\/p>\n<p data-start=\"887\" data-end=\"1042\"><strong data-start=\"890\" data-end=\"943\">Commandez d\u00e8s maintenant votre micropelle 1 tonne<\/strong> et profitez d\u2019un \u00e9quipement complet pr\u00eat \u00e0 l\u2019emploi, avec livraison possible dans toute la France.<\/p>\n","protected":false},"featured_media":3070,"comment_status":"open","ping_status":"closed","template":"","meta":[],"product_cat":[64],"product_tag":[],"_links":{"self":[{"href":"https:\/\/lechariotelevateur.fr\/site\/wp-json\/wp\/v2\/product\/3029"}],"collection":[{"href":"https:\/\/lechariotelevateur.fr\/site\/wp-json\/wp\/v2\/product"}],"about":[{"href":"https:\/\/lechariotelevateur.fr\/site\/wp-json\/wp\/v2\/types\/product"}],"replies":[{"embeddable":true,"href":"https:\/\/lechariotelevateur.fr\/site\/wp-json\/wp\/v2\/comments?post=3029"}],"wp:featuredmedia":[{"embeddable":true,"href":"https:\/\/lechariotelevateur.fr\/site\/wp-json\/wp\/v2\/media\/3070"}],"wp:attachment":[{"href":"https:\/\/lechariotelevateur.fr\/site\/wp-json\/wp\/v2\/media?parent=3029"}],"wp:term":[{"taxonomy":"product_cat","embeddable":true,"href":"https:\/\/lechariotelevateur.fr\/site\/wp-json\/wp\/v2\/product_cat?post=3029"},{"taxonomy":"product_tag","embeddable":true,"href":"https:\/\/lechariotelevateur.fr\/site\/wp-json\/wp\/v2\/product_tag?post=3029"}],"curies":[{"name":"wp","href":"https:\/\/api.w.org\/{rel}","templated":true}]}}