{"id":66,"date":"2017-03-13T21:34:37","date_gmt":"2017-03-13T21:34:37","guid":{"rendered":"http:\/\/lechariotelevateur.fr\/site\/?page_id=66"},"modified":"2017-04-27T14:41:16","modified_gmt":"2017-04-27T14:41:16","slug":"contact-devis","status":"publish","type":"page","link":"https:\/\/lechariotelevateur.fr\/site\/contact-devis\/","title":{"rendered":"Contact &#8211; Devis"},"content":{"rendered":"<p>Si vous souhaitez nous contacter, vous trouverez ci-dessous toutes nos coordonn\u00e9es.<\/p>\n<div class=\"rsdb_sys_mb_15px\"><\/div>\n<p>Dans l&rsquo;id\u00e9al, utilisez de pr\u00e9f\u00e9rence le formulaire de contact de cette page, surtout en dehors des horaires de bureau, nous vous recontacterons le plus rapidement possible.<\/p>\n<div class=\"rsdb_sys_mb_15px\"><\/div>\n<p><strong>TAURAND Service Manutention<\/strong><br \/>\n3 Rue du Manoir<br \/>\n95380 \u00c9piais-l\u00e8s-Louvres<br \/>\nT\u00e9l. : <strong>01 34 68 30 00<\/strong><br \/>\nFax : 01 34 68 07 70<\/p>\n<div class=\"rsdb_sys_mb_15px\"><\/div>\n<p>Ouvert du Lundi au Vendredi de 08h00 \u00e0 18h00<\/p>\n<div class=\"rsdb_sys_mb_15px\"><\/div>\n<div class=\"rsdb_sys_mb_15px\"><\/div>\n<p><strong>Pour toute demande sp\u00e9cifique<\/strong>, voici les coordonn\u00e9es directes des divers services :<\/p>\n<div class=\"rsdb_sys_mb_15px\"><\/div>\n<ul>\n<li><strong>Chariots \u00e9l\u00e9vateurs<\/strong> : <a href=\"mailto:chariots@lechariotelevateur.fr\">chariots@lechariotelevateur.fr<\/a><\/li>\n<li><strong>Pi\u00e8ces d\u00e9tach\u00e9es<\/strong> : <a href=\"mailto:pieces-detachees@lechariotelevateur.fr\">pieces-detachees@lechariotelevateur.fr<\/a><\/li>\n<li><strong>R\u00e9g\u00e9n\u00e9ration de Batteries<\/strong> : <a href=\"mailto:batteries@lechariotelevateur.fr\">batteries@lechariotelevateur.fr<\/a><\/li>\n<li><strong>SAV<\/strong> : <a href=\"mailto:sav@lechariotelevateur.fr\">sav@lechariotelevateur.fr<\/a><\/li>\n<li><strong>Comptabilit\u00e9 fournisseurs<\/strong> : <a href=\"mailto:comptabilite-fournisseurs@lechariotelevateur.fr\">comptabilite-fournisseurs@lechariotelevateur.fr<\/a><\/li>\n<li><strong>Comptabilit\u00e9 clients<\/strong> : <a href=\"mailto:comptabilite-clients@lechariotelevateur.fr\">comptabilite-clients@lechariotelevateur.fr<\/a><\/li>\n<\/ul>\n<div class=\"rsdb_sys_mb_15px\"><\/div>\n<div class=\"rsdb_sys_mb_15px\"><\/div>\n<p>Nous proposons nos produits sur toute la France, et disposons de distributeurs et partenaires locaux sur la majorit\u00e9 des r\u00e9gions, ainsi n&rsquo;h\u00e9sitez pas \u00e0 nous contacter quelque soit votre r\u00e9gion.<\/p>\n<div class=\"rsdb_sys_mb_15px\"><\/div>\n<p><img decoding=\"async\" src=\"\/site\/_rsdb_static\/taurand-reseau-distributeurs-partenaires.png\" alt=\"\" \/><\/p>\n<div class=\"rsdb_sys_mb_15px\"><\/div>\n<p>Directeur de la Publication : M. Fabrice TAURAND<br \/>\nSiret : 42140281900039<br \/>\nLe site est h\u00e9berg\u00e9 par RS-France<\/p>\n","protected":false},"excerpt":{"rendered":"<p>Si vous souhaitez nous contacter, vous trouverez ci-dessous toutes nos coordonn\u00e9es. Dans l&rsquo;id\u00e9al, utilisez de pr\u00e9f\u00e9rence le formulaire de contact de cette page, surtout en dehors des horaires de bureau, nous vous recontacterons le plus rapidement possible. TAURAND Service Manutention 3 Rue du Manoir 95380 \u00c9piais-l\u00e8s-Louvres T\u00e9l. : 01 34 68 30 00 Fax : [&hellip;]<\/p>\n","protected":false},"author":1,"featured_media":0,"parent":0,"menu_order":0,"comment_status":"closed","ping_status":"closed","template":"","meta":{"footnotes":""},"class_list":["post-66","page","type-page","status-publish","hentry"],"_links":{"self":[{"href":"https:\/\/lechariotelevateur.fr\/site\/wp-json\/wp\/v2\/pages\/66","targetHints":{"allow":["GET"]}}],"collection":[{"href":"https:\/\/lechariotelevateur.fr\/site\/wp-json\/wp\/v2\/pages"}],"about":[{"href":"https:\/\/lechariotelevateur.fr\/site\/wp-json\/wp\/v2\/types\/page"}],"author":[{"embeddable":true,"href":"https:\/\/lechariotelevateur.fr\/site\/wp-json\/wp\/v2\/users\/1"}],"replies":[{"embeddable":true,"href":"https:\/\/lechariotelevateur.fr\/site\/wp-json\/wp\/v2\/comments?post=66"}],"version-history":[{"count":10,"href":"https:\/\/lechariotelevateur.fr\/site\/wp-json\/wp\/v2\/pages\/66\/revisions"}],"predecessor-version":[{"id":477,"href":"https:\/\/lechariotelevateur.fr\/site\/wp-json\/wp\/v2\/pages\/66\/revisions\/477"}],"wp:attachment":[{"href":"https:\/\/lechariotelevateur.fr\/site\/wp-json\/wp\/v2\/media?parent=66"}],"curies":[{"name":"wp","href":"https:\/\/api.w.org\/{rel}","templated":true}]}}